me?
True
Let d(h) = -322*h - 7. Is d(-3) composite?
True
Let g be 1 + -2 + 1 + 4. Suppose 5*q = -g*m + 13, 5*q - 4*m - 34 = -m. Suppose 5*o - 258 = -3*c, 215 + 164 = 4*c - q*o. Is c prime?
False
Let i(m) = m**2 - 2. Let v be i(-2). Suppose -s = v*s - 381. Is s a prime number?
True
Let a = 1 + 29. Suppose 4*y - a = 326. Is y a composite number?
False
Let q be (70/(-8))/((-5)/20). Suppose 4*p = -5*s + 3*p + q, s = -p + 3. Is 22/s*-1*-4 prime?
True
Suppose 2*v = -3*v + 300. Let r be 532/(-6)*v/(-8). Suppose -n = 4*n - r. Is n composite?
True
Let a be (2/2 - 3) + 0. Is (-19)/a + (-2)/(-4) composite?
True
Let n(l) = -23*l - 5. Let q be n(-4). Let t = q + -40. Is t composite?
False
Let o = 459 - 325. Is o a composite number?
True
Let o be (-2 - -7*1)*1. Suppose -o*n - 103 = -b + 159, 998 = 4*b + 5*n. Suppose 9 = 3*t, 4*x + 5*t - b = 23. Is x a prime number?
False
Suppose -k = 4*k. Let p(z) = z + 3. Let d be p(k). Suppose d*w = 7*w - 172. Is w a prime number?
True
Suppose -181 = -2*g + a, 3*g - 5*a = 6*g - 252. Is g composite?
False
Suppose 0 = -2*w - 0 - 4. Let b(x) = -27*x**3 - 2*x**2 - 3*x - 3. Is b(w) a composite number?
False
Let l = 52 - 6. Is l prime?
False
Let u = 7117 + -4098. Is u composite?
False
Suppose z - 3*w - 502 = 0, 2*w - 1502 = -3*z + 7*w. Is z prime?
True
Suppose -3*m - 15 = -6*m. Let n be (-2)/(-4) - m/(-10). Is (n - -150) + (0 - 2) composite?
False
Suppose 8*o - 9*o + 3641 = 0. Is o prime?
False
Let n(s) = 158*s - 5. Is n(3) a composite number?
True
Let w = 6 - 6. Suppose w = 3*k - 2*k + 5*l - 28, k + 3*l = 18. Is k prime?
True
Is 104 + 4 + 4 + 3 composite?
True
Suppose 2*b = 2*x - 3*b + 52, -3*b = x + 4. Let o = -10 - x. Suppose o*m - 3*m = 363. Is m a prime number?
False
Let f(j) = -4*j + j - 4 + 5*j. Let c be f(3). Suppose 0 = 3*d + 3*l + c*l - 121, 2*d - 82 = -3*l. Is d a composite number?
False
Suppose 2015 = 7*y - 2*y. Is y a prime number?
False
Let n = 30 - 19. Is n a prime number?
True
Suppose 0 = -c + 2*j - 20, 0 = 2*c - 0*j - 3*j + 41. Let x be 2/(-5) + (-38)/5. Let r = x - c. Is r a composite number?
True
Let w be (-12)/(-8)*-68 - -3. Let n = 152 + w. Is n a prime number?
True
Let g(f) = -9*f. Let c be g(-5). Suppose -3*i + 184 + c = -h, 5*h = i - 67. Let z = i + -40. Is z a prime number?
True
Suppose -34 = -3*g - 7. Let t(h) = 2*h**2 + 2*h + 4. Let d be t(-3). Let z = d - g. Is z prime?
True
Let h = 1 - 4. Is (h/((-12)/424))/2 prime?
True
Suppose s - 86 = -s. Suppose -298 = -5*x - s. Is x prime?
False
Let l(f) = f**3 - 7*f**2 + 8*f - 8. Let w be l(6). Suppose -w*i = 3*r - 422, i + 665 = r + 4*r. Is r prime?
False
Let z(m) = 50*m + 431*m**2 - 50*m. Is z(1) a prime number?
True
Suppose 0 = -5*x + 3*o + 2215, -x + 2*x = 2*o + 443. Is x prime?
True
Suppose 8 + 7 = -5*b, 10078 = 4*f + 2*b. Is f a composite number?
False
Let f be (6/(-3) - 2)*-1. Is -8*1/(f/(-29)) a prime number?
False
Let z(r) be the second derivative of r**4/12 - 5*r**3/6 - 3*r**2 - 3*r. Let y be z(-6). Suppose 7*n - 3*n + b = 79, 3*n - y = -b. Is n prime?
True
Suppose -5*m + 391 + 74 = -5*u, -5*u = m - 105. Suppose -4*p - 21 = -2*a + 47, -3*a - p + m = 0. Suppose 0 = -4*q + 4*s + a, 4*q = 4*s + s + 33. Is q prime?
True
Let r = 783 + -476. Is r a composite number?
False
Suppose b + 77 = 5*i - 0*b, 0 = -3*i - 4*b + 37. Suppose -x = -1 - 2, -v - x = i. Let l = v - -33. Is l a composite number?
True
Let a(y) = -2*y**3 - 4*y**2 + 5*y - 4. Is a(-6) a composite number?
True
Is (-8)/12 - (-778)/6 prime?
False
Let u(n) = 3*n**2 + n. Let a be u(-4). Suppose 10*b = 6*b + a. Is b a composite number?
False
Let c(r) = -3*r**2 - 4*r - 2*r**2 + 2*r**2 + 4*r**2. Is c(-7) prime?
False
Suppose 0 = -5*i + 446 + 819. Is i a composite number?
True
Suppose -m - 38 = -729. Is m composite?
False
Suppose -7*m + 6*m + 298 = 0. Is m prime?
False
Let s = -45 - 51. Let x be s/(-1) - (-3)/(-3). Suppose -p - 2*y + 96 = p, -y + x = 2*p. Is p prime?
True
Is 3 - (-76)/(-28) - 13455/(-21) a prime number?
True
Let b(c) = 2*c**2 - 2*c - 2*c**3 + c**3 + 0 + 2. Is b(-3) a prime number?
True
Let z be (-5 - 1)/(1/14). Let r = z + 379. Is r a prime number?
False
Suppose 0*f = 4*f - 52. Suppose -4*c + 5*b = -f, -6*c - 4*b = -c - 6. Suppose -322 = -2*j - u - u, c*j - 3*u - 332 = 0. Is j a prime number?
True
Let x(t) = 6*t**3 - 5*t**2 - 3*t - 6. Let u be x(5). Let m be u/7 - 10/35. Suppose 28 + 0 = 2*h - 5*a, 4*h = -5*a + m. Is h prime?
True
Suppose 2*y + 4*w = 158, -2*w = 5*y - 354 - 65. Suppose -144 = 3*l + 4*v - 30, 3*v + 76 = -2*l. Let c = y + l. Is c prime?
True
Let u be -2 - (-2 + 3/(-3)). Let z be 2 - (2 - (u + 1)). Suppose -97 = -z*g - 23. Is g prime?
True
Let z(s) = 12*s + 9*s - 14*s - 2 + 17*s. Is z(2) composite?
True
Suppose -f - 2 = 3. Is (f/(-10))/((-2)/(-140)) a prime number?
False
Let o(l) = 4*l**2 + 28*l + 13. Let r(j) = 3*j**2 + 19*j + 9. Let g(a) = -5*o(a) + 7*r(a). Let x be g(8). Is 99/3*2/x prime?
True
Let n(i) = -i**3 - 10*i**2 - i - 8. Let h be n(-10). Suppose t + 97 = h*t. Is t a composite number?
False
Let p(r) = 13*r**2 + 6*r + 1. Let a be p(-4). Suppose a = l - 32. Is l a prime number?
False
Let w(f) = 7*f**3 + 11*f**2 + 6*f + 5. Let b(l) = -6*l**3 - 10*l**2 - 6*l - 5. Let p(u) = 6*b(u) + 5*w(u). Is p(-6) a prime number?
True
Suppose -2*h - 20 = -2*r, 11 - 2 = -3*h. Is r a prime number?
True
Suppose -f + 341 = 106. Suppose 3*m + 5*u - 1293 = 0, -2*u = -7*u - 15. Let q = m - f. Is q composite?
True
Let k be -46*(-1)/2*1. Let l be 3/(-3) + k*5. Is l/4*(-6)/(-9) a prime number?
True
Is 7 + -6 - (-3204 - 0) prime?
False
Suppose 5*v - 20 = -2*d - 9, -3*v = 2*d - 9. Is v - -96 - (-2 - -2) a prime number?
True
Let b = -791 + 1270. Is b composite?
False
Let c(p) = -p**3 - p**2 + 15*p + 7. Is c(-6) a prime number?
True
Let s be 0 + 0 - (-3 + -1). Suppose -4*l = -s*f + 36, -3*f = -5*f + l + 13. Suppose 0 = f*g + 3*q - 31, 4*g - 30 = -g + 5*q. Is g prime?
True
Let q = -3551 - -5592. Is q a prime number?
False
Let w = 141 - -166. Is w composite?
False
Let v = -206 - -42. Let g = v + 300. Suppose 5*w - g = w. Is w a composite number?
True
Let q = 1 + 2. Suppose -2*i + 415 = q*i. Let p = i + -58. Is p a prime number?
False
Let c = -72 + 122. Suppose 6 = 4*t - 4*g - c, 5*t - 3*g - 80 = 0. Is t composite?
False
Let z(v) = -3*v. Let o be z(-1). Let f be -57*40/25*(-40)/3. Suppose -4*k + 594 + 969 = 5*t, o*k - 5*t - f = 0. Is k composite?
False
Let y(v) = v**3 + 10*v**2 - 14*v + 5. Is y(-10) prime?
False
Let v be (3*2)/((-6)/9). Let q be (-3)/v - 1154/6. Is (-3)/15 - q/10 composite?
False
Let s be 3 + -1 + 4 + -2. Let w = s + 0. Suppose 0*u - w*k + 138 = 3*u, -4*u + 2*k = -184. Is u composite?
True
Let a = -217 - -411. Let o = a + -97. Is o composite?
False
Is ((-1282)/3)/(4/(-6)) prime?
True
Let z(x) = 2*x + 1. Let n be z(9). Suppose -t + n = -51. Is (t/(-6))/(5/(-15)) a composite number?
True
Suppose d = 2*d - 9. Let g(u) = u**3 - 10*u**2 + 7*u + 2. Let m be g(d). Let r = 26 + m. Is r prime?
False
Let z(y) = 14*y + 13. Is z(6) composite?
False
Let t = 0 - -21. Is t a prime number?
False
Is 344 + -14 + 16 + 2 + -1 composite?
False
Let d = -33 - -57. Let j = d - 11. Is j composite?
False
Let o(b) be the first derivative of -9*b**2 + 3*b - 2. Is o(-3) composite?
True
Is -1486*6/(-2 + -10) prime?
True
Let s = 9357 + -6638. Is s a prime number?
True
Let d be (-5)/((-10)/148)*1. Suppose n = 59 + d. Is n prime?
False
Suppose 3*w + 6 = 2*w. Let x be (-36)/(-10) + w/(-15). Suppose 2*a - x = 2. Is a composite?
False
Let d(k) = -k**3 + 6*k**2 + 5*k + 1. Suppose y - 3*y = -12. Is d(y) a composite number?
False
Let j = -644 - -1023. Is j composite?
False
Let n(v) = -v**3 - 6*v**2 + 4. Let z be n(-6). Is (-1146)/z*8/(-12) prime?
True
Let z = 144 + 121. Is z composite?
True
Is ((-1227)/12 - -3)*-4 a composite number?
False
Is (-4)/(-6) - (-230)/6 a composite number?
True
Suppose 4*h - 2*s - 22 + 0 = 0, -2*h + 2*s = -12. Suppose -g + 917 = -0*g + 5*n, -h*g = 2*n - 4585. Is g a prime number?
False
Suppose -w + 4*w = 366. Suppose 0 = 4*k - w - 82. Is k composite?
True
Let m = 1181 + -546. Is m prime?
False
Suppose 4*d + l = 2296, 2*l + 137 = 2*d - 1001. Is d a prime number?
False
Let p be 2 + -2 + 2 + -2. Suppose -5*j + 1022 + 1208 = p. Suppose 4*a - 318 = j. Is a composite?
False
Suppose -11 - 43 = -